{"id":13,"date":"2019-10-27T19:02:55","date_gmt":"2019-10-27T18:02:55","guid":{"rendered":"http:\/\/napiasku.pl\/?page_id=13"},"modified":"2022-08-06T19:59:58","modified_gmt":"2022-08-06T18:59:58","slug":"apartament-7-niebo-2","status":"publish","type":"page","link":"https:\/\/napiasku.pl\/","title":{"rendered":"Apartament 7 Niebo"},"content":{"rendered":"\n<p>Nowy<strong> Apartament 7 Niebo<\/strong> w Jantarze &#8211; jednym z najdynamiczniej  rozwijaj\u0105cych si\u0119 kurort\u00f3w na Bursztynowym Wybrze\u017cu. Dwupoziomowy, o  powierzchni 56 m2, na I pi\u0119trze nowo oddanego kompleksu apartament\u00f3w  Jantar Park ***. <\/p>\n\n\n\n<p>\n\nApartament znajduje si\u0119 w pasie nadmorskim, blisko lasu, oko\u0142o 15 minut spacerem do pla\u017cy oraz 5 minut do centrum. <br>Wygodne \u015bcie\u017cki le\u015bne dla pieszych oraz trasy rowerowe.\n\n<\/p>\n\n\n\n<div class=\"wp-block-image\"><figure class=\"aligncenter is-resized\"><img loading=\"lazy\" decoding=\"async\" src=\"https:\/\/napiasku.pl\/wp-content\/uploads\/2019\/10\/14_bis.jpg\" alt=\"\" width=\"320\" height=\"426\"\/><figcaption>Apartamentowiec Jantar Park ***<\/figcaption><\/figure><\/div>\n\n\n\n<p><strong>Klimatyzacja<\/strong> dla  Pa\u0144stwa komfortu. <strong>Ogrzewanie<\/strong> pod\u0142ogowe. Apartament w pe\u0142ni <strong>wyposa\u017cony<\/strong>.  Na parterze apartamentu &#8211; salon z aneksem kuchennym i \u0142azienka. Na  pi\u0119trze &#8211; dwie intymne sypialne oraz wc. Lokalizacja wschodnio &#8211; po\u0142udniowa. Przestronny <strong>taras<\/strong> w kszta\u0142cie  litery L, z meblami wypoczynkowymi. <strong>Miejsce gara\u017cowe<\/strong>.<\/p>\n\n\n\n<p>Dla maksymalnie 5 os\u00f3b. Zwierz\u0105t nie przyjmujemy. Dla niepal\u0105cych. Dla alergik\u00f3w.<\/p>\n\n\n\n<p><strong>Opis Apartamentu:<\/strong><\/p>\n\n\n\n<p><strong>parter:<\/strong><br>pok\u00f3j dzienny (sofa, telewizor) po\u0142\u0105czony z w pe\u0142ni wyposa\u017conym aneksem kuchennym i jadalni\u0105  (kuchenka indukcyjna, zmywarka,  lod\u00f3wka, mikrofal\u00f3wka, czajnik elektryczny, ekspres do kawy, naczynia i  akcesoria kuchenne, st\u00f3\u0142 i krzes\u0142a) <\/p>\n\n\n\n<div class=\"wp-block-image\"><figure class=\"aligncenter\"><img decoding=\"async\" src=\"https:\/\/napiasku.pl\/wp-content\/uploads\/2019\/10\/male.jpg\" alt=\"\"\/><figcaption>Apartament 7 Niebo &#8211; pok\u00f3j dzienny<\/figcaption><\/figure><\/div>\n\n\n\n<div class=\"wp-block-image\"><figure class=\"aligncenter\"><img decoding=\"async\" src=\"https:\/\/napiasku.pl\/wp-content\/uploads\/2019\/10\/male-3.jpg\" alt=\"\"\/><figcaption>Apartament 7 Niebo &#8211; pok\u00f3j dzienny, widok na aneks kuchenny<\/figcaption><\/figure><\/div>\n\n\n\n<p>przedpok\u00f3j z zabudowan\u0105 szaf\u0105 (deska do prasowania, \u017celazko, parawan)<\/p>\n\n\n\n<div class=\"wp-block-image\"><figure class=\"aligncenter is-resized\"><img loading=\"lazy\" decoding=\"async\" src=\"https:\/\/napiasku.pl\/wp-content\/uploads\/2019\/10\/IMG_7016.jpg\" alt=\"\" width=\"433\" height=\"325\"\/><figcaption>Apartament 7 Niebo &#8211; przedpok\u00f3j<\/figcaption><\/figure><\/div>\n\n\n\n<p>\u0142azienka z obszernym prysznicem (120 x 80 cm), pralk\u0105 automatyczn\u0105, suszark\u0105 do w\u0142os\u00f3w <\/p>\n\n\n\n<div class=\"wp-block-image\"><figure class=\"aligncenter is-resized\"><img loading=\"lazy\" decoding=\"async\" src=\"https:\/\/napiasku.pl\/wp-content\/uploads\/2019\/11\/lazienka-7_2-768x1024.jpg\" alt=\"\" class=\"wp-image-148\" width=\"384\" height=\"512\" srcset=\"https:\/\/napiasku.pl\/wp-content\/uploads\/2019\/11\/lazienka-7_2-768x1024.jpg 768w, https:\/\/napiasku.pl\/wp-content\/uploads\/2019\/11\/lazienka-7_2-225x300.jpg 225w, https:\/\/napiasku.pl\/wp-content\/uploads\/2019\/11\/lazienka-7_2.jpg 1224w\" sizes=\"(max-width: 384px) 100vw, 384px\" \/><figcaption>Apartament 7 Niebo &#8211; \u0142azienka<\/figcaption><\/figure><\/div>\n\n\n\n<p><strong>pi\u0119tro:<\/strong><\/p>\n\n\n\n<p>na pi\u0119tro prowadz\u0105 szerokie, wygodne schody<\/p>\n\n\n\n<div class=\"wp-block-image\"><figure class=\"aligncenter is-resized\"><img loading=\"lazy\" decoding=\"async\" src=\"https:\/\/napiasku.pl\/wp-content\/uploads\/2019\/10\/IMG_7030-e1572548683216.jpg\" alt=\"\" width=\"356\" height=\"474\"\/><figcaption>Apartament 7 Niebo &#8211; schody prowadz\u0105ce na pi\u0119tro<\/figcaption><\/figure><\/div>\n\n\n\n<p>komfortowe sypialnie (zamykane): pierwsza &#8211; z \u0142o\u017cem 160 x 200 cm oraz druga &#8211; z dwoma \u0142\u00f3\u017ckami pojedynczymi<\/p>\n\n\n\n<div class=\"wp-block-image\"><figure class=\"aligncenter is-resized\"><img loading=\"lazy\" decoding=\"async\" src=\"https:\/\/napiasku.pl\/wp-content\/uploads\/2019\/10\/maly-5.jpg\" alt=\"\" width=\"429\" height=\"303\"\/><figcaption>Apartament nr 7 &#8211; Sypialnia z \u0142o\u017cem ma\u0142\u017ce\u0144skim<\/figcaption><\/figure><\/div>\n\n\n\n<div class=\"wp-block-image\"><figure class=\"aligncenter is-resized\"><img loading=\"lazy\" decoding=\"async\" src=\"https:\/\/napiasku.pl\/wp-content\/uploads\/2019\/10\/maly-7.jpg\" alt=\"\" width=\"440\" height=\"273\"\/><figcaption>Apartament 7 Niebo &#8211; sypialnia z dwoma pojedynczymi \u0142\u00f3\u017ckami<\/figcaption><\/figure><\/div>\n\n\n\n<p>przedpok\u00f3j z szaf\u0105 z drzwiami przesuwanymi oraz wc<\/p>\n\n\n\n<div class=\"wp-block-image\"><figure class=\"aligncenter\"><img decoding=\"async\" src=\"https:\/\/napiasku.pl\/wp-content\/uploads\/2019\/10\/IMG_1893_bis.jpg\" alt=\"\"\/><figcaption>Apartament 7 Niebo &#8211; wc na pi\u0119trze<\/figcaption><\/figure><\/div>\n\n\n\n<p><strong>taras: <\/strong><br>w kszta\u0142cie litery L &#8211; strona wschodnia i po\u0142udniowa, wygodne meble wypoczynkowe, suszarka do bielizny<\/p>\n\n\n\n<div class=\"wp-block-image\"><figure class=\"aligncenter is-resized\"><img loading=\"lazy\" decoding=\"async\" src=\"https:\/\/napiasku.pl\/wp-content\/uploads\/2019\/10\/67133857_2420322618033764_2300266019949641728_n.jpg\" alt=\"\" width=\"321\" height=\"428\"\/><figcaption>Apartament 7 Niebo &#8211; taras<\/figcaption><\/figure><\/div>\n\n\n\n<p><strong>miejsce gara\u017cowe: <\/strong><br>w gara\u017cu podziemnym pod budynkiem apartamentowca<\/p>\n\n\n\n<div class=\"wp-block-image\"><figure class=\"aligncenter is-resized\"><img loading=\"lazy\" decoding=\"async\" src=\"https:\/\/napiasku.pl\/wp-content\/uploads\/2019\/10\/IMG_6760.jpg\" alt=\"\" width=\"494\" height=\"370\"\/><figcaption>Apartament 7 Niebo &#8211; wjazd do gara\u017cowca pod budynkiem<\/figcaption><\/figure><\/div>\n\n\n\n<p><strong>Zapewniamy po\u015bciel i r\u0119czniki.<\/strong> <strong>Parkowanie na miejscu gara\u017cowym.<\/strong><\/p>\n\n\n\n<p><\/p>\n","protected":false},"excerpt":{"rendered":"<p>Nowy Apartament 7 Niebo w Jantarze &#8211; jednym z najdynamiczniej rozwijaj\u0105cych si\u0119 kurort\u00f3w na Bursztynowym Wybrze\u017cu. Dwupoziomowy, o powierzchni 56 m2, na I pi\u0119trze nowo oddanego kompleksu apartament\u00f3w Jantar Park ***. Apartament znajduje si\u0119 w pasie nadmorskim, blisko lasu, oko\u0142o 15 minut spacerem do pla\u017cy oraz 5 minut do centrum. Wygodne \u015bcie\u017cki le\u015bne dla pieszych &hellip; <\/p>\n<p class=\"link-more\"><a href=\"https:\/\/napiasku.pl\/\" class=\"more-link\">Czytaj dalej<span class=\"screen-reader-text\"> \u201eApartament 7 Niebo\u201d<\/span><\/a><\/p>\n","protected":false},"author":1,"featured_media":0,"parent":0,"menu_order":0,"comment_status":"closed","ping_status":"closed","template":"","meta":{"footnotes":""},"class_list":["post-13","page","type-page","status-publish","hentry"],"_links":{"self":[{"href":"https:\/\/napiasku.pl\/index.php\/wp-json\/wp\/v2\/pages\/13"}],"collection":[{"href":"https:\/\/napiasku.pl\/index.php\/wp-json\/wp\/v2\/pages"}],"about":[{"href":"https:\/\/napiasku.pl\/index.php\/wp-json\/wp\/v2\/types\/page"}],"author":[{"embeddable":true,"href":"https:\/\/napiasku.pl\/index.php\/wp-json\/wp\/v2\/users\/1"}],"replies":[{"embeddable":true,"href":"https:\/\/napiasku.pl\/index.php\/wp-json\/wp\/v2\/comments?post=13"}],"version-history":[{"count":15,"href":"https:\/\/napiasku.pl\/index.php\/wp-json\/wp\/v2\/pages\/13\/revisions"}],"predecessor-version":[{"id":250,"href":"https:\/\/napiasku.pl\/index.php\/wp-json\/wp\/v2\/pages\/13\/revisions\/250"}],"wp:attachment":[{"href":"https:\/\/napiasku.pl\/index.php\/wp-json\/wp\/v2\/media?parent=13"}],"curies":[{"name":"wp","href":"https:\/\/api.w.org\/{rel}","templated":true}]}}